umber?
False
Let x(a) = 100*a**2 + 76*a + 1. Is x(-9) prime?
True
Let r = 21 - 13. Suppose -r = 3*t + 1. Let a(w) = -75*w - 2. Is a(t) a prime number?
True
Is -381*308/(-33) - (1 + -2) a prime number?
True
Let m(x) = x**3 + 9*x**2 - 8*x + 22. Let c be m(-10). Suppose c*r + 219 = 625. Is r a prime number?
False
Let p(i) = 37*i**2 - 45*i - 557. Is p(-17) prime?
False
Is 15/6*3/((-30)/(-26948)) prime?
True
Let k(b) = -51*b - 8. Let x be k(6). Let c = x + 711. Is c a prime number?
True
Let n(y) be the third derivative of y**6/360 - 7*y**4/12 - 11*y**3/6 - y**2. Let i(p) be the first derivative of n(p). Is i(-15) prime?
True
Suppose 913 = -n + o, 4*n - 2*n - 5*o + 1820 = 0. Let m = n + 1286. Is m prime?
False
Let s = -863 - -44. Let i = s - -1685. Is i a prime number?
False
Let a(z) = 736*z**2 + 9*z - 25. Is a(3) a composite number?
True
Suppose -5*i + 6254 = 3*u, 0 = -3*u + 4*u - 3. Is i composite?
False
Is -7 - (-11)/((-33)/(-72744)) a composite number?
True
Let l(r) = -324*r - 2. Let q be l(-1). Is (q/(-3))/(30/(-45)) composite?
True
Suppose 4*r - 5*x - 2891 = 17702, -3*x - 15444 = -3*r. Is r composite?
False
Let w = 30 + -16. Let j be 21/w*(-2 + 4). Suppose j*y = y + 38. Is y prime?
True
Let i(w) = 71*w + 421. Is i(56) composite?
False
Suppose -x = -6*x + 35. Suppose 4*d - 6*k = -x*k + 433, 0 = k + 3. Suppose q = d + 58. Is q a prime number?
True
Let k be ((-2)/(-2))/(5 + (-45)/10). Is k*(-745)/(-10)*1 a prime number?
True
Is -8 + (-670935)/(-20) - 5/(-20) a prime number?
False
Let x(z) = -3*z**2 + 5*z - 4. Let c = -16 + 10. Let n be x(c). Let s = 269 + n. Is s composite?
False
Let d(f) = 348*f + 10. Is d(16) a prime number?
False
Let g(a) = -4*a + 1. Let i be g(-1). Suppose f + d = -3*f + 1771, -15 = -i*d. Suppose 5*h - f = -57. Is h a composite number?
True
Suppose 2*m - 4*r - 9391 = -r, -4*r + 20 = 0. Is m a composite number?
False
Let f(i) = -3*i**3 + 2*i**2 - 1. Let l be f(1). Is l/(1 - (-4)/4) + 650 prime?
False
Let d(i) = -25*i**2 + 20*i + 12. Let r(m) = 38*m**2 - 30*m - 18. Let f(o) = 7*d(o) + 5*r(o). Is f(-5) a prime number?
True
Let b = -35 + 21. Let f be (-288)/42 - (-2)/b. Let q(g) = -33*g - 8. Is q(f) composite?
False
Let i(x) = 3 - 16*x + 0 - 12. Suppose -38*m = -41*m - 12. Is i(m) composite?
True
Let p(y) = 285*y**2 + 4*y + 3. Is p(-4) a prime number?
True
Suppose 2*f - 5*c = -418, 2*c = -5*f - 2*c - 1111. Let g = f + 367. Let x = -61 + g. Is x a prime number?
False
Suppose -2*h + 3184 = -7*h + c, h + 4*c + 620 = 0. Let a = -343 - h. Is a prime?
True
Suppose 3*r - 3 = r + 3*p, -2*r - 1 = p. Suppose r = -5*c + 131 + 39. Suppose -i = -c - 3. Is i composite?
False
Suppose 0 = o - 5*n - 922, 6*o - 2709 = 3*o - 4*n. Is o a prime number?
True
Let y(f) = 21*f**2 + 7*f + 5. Let u(j) = 11*j**2 + 4*j + 3. Let z(b) = 7*u(b) - 4*y(b). Let i be z(1). Is 370/i*(-9)/3 a composite number?
True
Suppose -5*o + 4*k + 9 = 2*k, o = -3*k + 12. Suppose -2 = 4*s - 5*s, -n = -3*s. Is (o/n)/((-1)/(-38)) a composite number?
False
Let a(p) = -p - 1. Let r be a(1). Let o be 1634 - r*2/4. Suppose -o = -3*u - q - 287, 2*u + q = 897. Is u prime?
False
Let x = 17816 + -12033. Suppose -4*l = -4*t - 0*l + 7700, x = 3*t + l. Is t composite?
True
Suppose 5*b - 7 = -q + 2*b, -2*q + 4*b = 16. Is (0 - q)*94/4 composite?
False
Let t = 35 - 27. Let d(i) = i**3 - 3*i**2 + i + 3. Is d(t) a prime number?
True
Let w be 1/(-4) + (-34)/(-8). Suppose 5*x + 9 = w. Let r = 38 + x. Is r prime?
True
Suppose -4*t + 16 + 4 = 0. Suppose -t*w + 2955 = 5*b, w - 1246 = -2*b - 68. Is b a composite number?
False
Let u = -14 - -17. Let f be 1/u*-1*0. Suppose f*p + 91 = p. Is p composite?
True
Let l = 80 - -2891. Is l prime?
True
Is (-36)/(-16)*1252 - 2/(-1) prime?
True
Suppose -6*o + 20169 + 549 = 0. Is o a prime number?
False
Let t(r) = -4*r**3 - 20*r**2 - 19. Let z(f) = 2*f**3 + 10*f**2 + 9. Let l(b) = -6*t(b) - 13*z(b). Let g = 70 + -78. Is l(g) a prime number?
False
Suppose 0 = -2*c + 5*y + 72, c - y - 108 = -3*c. Suppose 4*q + 5*h = h + 16, -q + 5*h = c. Is (129 - (q - 0)) + 1 a prime number?
True
Let f be (10 + -12)*(1 - 3). Let k(n) = 8*n**2 - 5*n - 5. Is k(f) a composite number?
False
Suppose 27 = 5*b + 2. Suppose 5*c + 580 = 5*y, -b*c = 5*y - 2*c - 556. Is y a composite number?
False
Let f(w) = 337*w - 2*w**2 + 1657 + 3*w**2 - 327*w. Is f(0) prime?
True
Suppose -7 = -3*x - 4. Let p(a) = a**3 + 19*a**2 - 18*a + 42. Let z be p(-20). Is (-480)/(-2) - (z + x) prime?
False
Is 6/15 - (-28772)/20 prime?
True
Let d = -11582 + 309481. Is d prime?
False
Let q(y) = 84*y**2 + 7*y + 6. Is q(11) a composite number?
False
Let o(q) = -q**3 + 10. Let p = -9 - -9. Let h be o(p). Let d(w) = 9*w - 13. Is d(h) prime?
False
Let r(j) be the first derivative of 35*j**3/3 - 3*j**2 - 3*j - 25. Is r(-2) prime?
True
Suppose -4*c - 3*r - 26 + 75 = 0, 0 = -c + r + 14. Let o = -9 + c. Is ((-790)/40)/((-1)/o) a prime number?
True
Let u = -2472 - -3912. Let b = 9 + -4. Suppose u = -b*c + 3695. Is c prime?
False
Let f(c) = -378*c**2 - 2*c. Let t(u) = 379*u**2 + 2*u. Let h(p) = -4*f(p) - 3*t(p). Is h(-1) a composite number?
False
Let k(h) = 6*h**2 - 3*h + 101. Is k(-18) composite?
False
Let n(i) = i**3 + 9*i**2 - 10*i - 3. Let c be n(-10). Let x be 109 - (-2 + 3 + c). Suppose -d + x = 2*d. Is d a composite number?
False
Suppose -7*j - 10*j = 119. Let g(u) = -4*u**3 - 16*u**2 - 8*u + 9. Is g(j) composite?
False
Let d = 13164 - -7150. Suppose v - 15*v = -d. Is v a composite number?
False
Suppose 843 = 6*j - 10923. Is j composite?
True
Let g be 1/(-4*1/(-24)). Let a = -301 + 600. Suppose g = -2*h, 4*r - 197 = 4*h + a. Is r a prime number?
False
Let i(b) = b**3 + 7*b**2 + 6*b + 4. Let d be i(-6). Let c be (-10736)/10 - d/10. Is (c/(-15))/((-5)/(-25)) prime?
False
Let d = -15533 + 52186. Is d composite?
False
Suppose 8*q - 12*q + 9148 = 0. Suppose -3417 = -4*c + c + 3*m, -m + q = 2*c. Is c a composite number?
True
Suppose -19 = -7*d + 9. Suppose 5*w = -d*q - 0*w + 704, -913 = -5*q + 2*w. Is q a composite number?
False
Let l be 9/3*(-1 - 2). Let w = -9 - l. Suppose -d - d + 134 = w. Is d a composite number?
False
Let n(r) = -17556*r + 503. Is n(-3) a prime number?
True
Let s = 2991 + -8298. Let o = -3056 - s. Is o a prime number?
True
Suppose -6*j + 2390 = -412. Is j prime?
True
Suppose 2*f = -2*k + 1118 + 550, 2*k + 4 = 0. Suppose f = -6*q + 2*q. Let g = q + 358. Is g a prime number?
True
Let j(u) = u**3 + 5*u**2 - 25*u - 26. Suppose -18*g + 20*g = 30. Is j(g) a composite number?
False
Let q(g) = -2*g**2 - 14*g + 2. Let t be q(-7). Suppose -t*f - 4*l = -3118, -5*f - 4*l = -7777 - 24. Is f a composite number?
True
Is (4428/(-20) + 2)/((-6)/30) a prime number?
True
Let c = -10824 + 20595. Is c prime?
False
Suppose 2*r + 2*m + 32 = 0, -4*r - 2*m = -0*r + 60. Let v = 14 + r. Suppose 0 = -4*d + 4*x + 228, 3*d + v*x - 206 = -4*x. Is d a composite number?
True
Let f be 4/12*15 + 1. Is 36 - 9*2/f prime?
False
Let a be (-1)/(-3) + 5480/(-6). Let o = -493 - a. Suppose o = 2*k - 194. Is k a composite number?
False
Let x be (-58)/(-10) - (1 + 2/(-10)). Suppose x*q - b = 1478, 602 = 2*q - 6*b + 2*b. Is q prime?
False
Is (682/5 - 4)*(-5)/(-2) a composite number?
False
Suppose -4*o + 1171 + 169 = 0. Let h = o - 18. Is h prime?
True
Suppose 13*s - 32 = 12*s. Suppose -s*x + 30*x + 4882 = 0. Is x a composite number?
False
Let m(j) be the first derivative of j**7/840 - j**6/180 + j**5/120 - 13*j**4/24 - 2*j**3 + 4. Let q(o) be the third derivative of m(o). Is q(9) prime?
True
Let p = -7 - 50. Is 12/3 - 6 - 3*p prime?
False
Suppose 3*h = 5847 + 2610. Is h a composite number?
False
Is ((-178032)/(-96))/(1/2) a composite number?
False
Let j(u) = 4 + 2 - u + 7*u + 19*u**2. Is j(-3) composite?
True
Suppose -a - 3*n + 73 = -4*n, 79 = a - 4*n. Let w be 174/(-2)*(-8)/(-2). Let v = a - w. Is v composite?
False
Let w = 18117 + 3440. Is w composite?
False
Is 6257 - (-5 - 9) - -1*3 a composite number?
True
Let a = 69 - -83. Suppose 4*z = 3*z + 85. Let j = a - z. Is j composite?
False
Suppose -4*j - 2*p + 9002 = 0, -105 - 2144 = -j - 2*p. Is j composite?
False
Is 86472/(-54)*45/(-12) composite?
True
Let w be 22/5 - (-11)/((-275)/10). Let d be (6064/6)/(-2)*-3. Is 1/w + d/16 a composite number?
True
Suppose 3*k - 3904 = 1334. Suppose -k = -2*a - 4*